lculate the greatest common factor of 95 and g.
19
Let w(f) = 18*f + 170. Let y be w(11). Calculate the highest common factor of y and 16.
16
Let n(v) = -5*v + 2. Let y be n(2). Let f = y + 25. Suppose -213 = -6*z + 297. Calculate the greatest common factor of f and z.
17
Let k(m) = -2*m + 6. Let v be k(-5). Let j be (-1)/1 + -1 + (-4 - (-25 + 7)). Calculate the greatest common factor of j and v.
4
Let f(z) = 4*z**2 + 11*z + 10. Let d be (-8)/(-40) - 42/10. Let r be f(d). Calculate the highest common factor of r and 12.
6
Suppose -2 = -10*s + 9*s. Suppose 5*d + 22 = -2*j + 226, -s*j = 2*d - 84. Calculate the highest common factor of 20 and d.
20
Let c(r) = -r**3 - 4*r**2 - 3*r + 3. Let g be c(-3). Let n = -23 + 20. Let f = n + 12. What is the highest common factor of f and g?
3
Let m = 193 - 130. Suppose m = 4*y - 13. What is the greatest common factor of y and 57?
19
Let r(q) = -q**3 + 23*q**2 - 49*q + 17. Let h be r(20). Let c = 4 - 0. Suppose c*g - 5*a - 40 = h, 1 = -a. What is the greatest common divisor of 17 and g?
17
Let a = 680 - 669. Calculate the greatest common divisor of a and 44.
11
Suppose 10*h - 24 = 2*h. Let y(x) = x**2 - 19*x + 39. Let f be y(18). What is the highest common divisor of f and h?
3
Let s(o) = -5*o + 29. Let f(w) = 3*w - 14. Let c(p) = -5*f(p) - 2*s(p). Let q be c(-4). What is the greatest common factor of q and 224?
32
Suppose -2*c = 4*c + 1512. Let w be (4/(-2))/(12/c). Calculate the greatest common factor of w and 63.
21
Suppose 0 = t - 5*j + 60, -t = 3*t - 2*j + 222. Let w = t - -119. Suppose -5*n + 10 = -30. What is the greatest common divisor of n and w?
8
Suppose 44*k - 37*k - 2632 = 0. Calculate the greatest common factor of 16 and k.
8
Let k(l) = -20*l - 234. Let t be k(-16). What is the highest common divisor of 731 and t?
43
Let a be (3 + (-13)/5)*5. Suppose 3*j + t - 41 = 0, -a*j = -3*j + t + 15. Calculate the greatest common divisor of 28 and j.
14
Let d be -1 - ((-27 - 0) + 2). Let r = 54 - 47. Suppose -w + r = -1. What is the highest common factor of w and d?
8
Let d(v) = v**3 - 44*v**2 + 68*v + 183. Let w be d(43). What is the greatest common divisor of 34 and w?
34
Let z(m) = 2*m**3 - 1. Let r be z(1). Let i be -2 + (r - -1) - 2. Let g(c) = 45*c**2 + 2*c. Let y be g(i). What is the highest common divisor of 16 and y?
16
Let n = 52 + -43. Suppose 3*a + 48 = 2*x, 5*a - 11 + 109 = 4*x. What is the highest common factor of n and x?
9
Let j = 8098 + -5045. Calculate the highest common divisor of j and 71.
71
Suppose -5*a + 4*a + 22 = 0. Calculate the highest common factor of 176 and a.
22
Suppose 0 = -3*m + m + 5*x + 89, -5*x = -5*m + 200. What is the greatest common factor of m and 185?
37
Let c(k) = -k**3 + 10*k**2 - 7*k + 18. Let o = -91 - -100. Let f be c(o). What is the highest common divisor of 9 and f?
9
Suppose 3*u + 115 = 610. Suppose -4*t + 3*j + 65 = -4, 5*j = -t. What is the highest common factor of u and t?
15
Suppose -o - 17 = -2*o. Let q(p) be the first derivative of p**4/4 - p**3/3 - p**2 + 17*p - 13. Let y be q(0). Calculate the highest common divisor of y and o.
17
Suppose -11*r = 87 + 45. Let b be -2 - (6/r + (-29)/2). Calculate the highest common divisor of 65 and b.
13
Suppose 3*c + 5*p = 98, 0 = -3*c + p - 3*p + 86. Suppose 3*l - 1 = 11. Suppose -l = -3*q + 113. What is the highest common divisor of q and c?
13
Let s(k) = k**2 - k. Suppose -3*n - 5*q + 11 = -20, -3*n + 2*q + 38 = 0. Let b be s(n). Calculate the highest common factor of b and 33.
33
Let k(d) = 39*d - 415. Let u be k(13). What is the greatest common factor of 23 and u?
23
Let u be 4*(-3)/(-18)*6 + -2. Let j be -4 + 3 - -10 - u. Calculate the highest common divisor of j and 7.
7
Suppose -40*q = -36*q - 92. Calculate the highest common factor of q and 184.
23
Let k be -3*(-5)/15*-3. Let w be 12/(-10)*220/k. What is the highest common factor of w and 8?
8
Let s = -9 - -24. Let t(u) = 2*u**3 - 2*u**2 + 6*u - 15. Let f be t(2). What is the greatest common factor of s and f?
5
Let z(g) = -2*g - 4 + 13*g + 2 - g**2 - 3. Let r be z(10). Suppose m - 65 = -10. What is the highest common factor of m and r?
5
Suppose -3*z = -2*f + z + 6, -2*f - 5*z = -33. Let m = 11 - f. Suppose -2*r + r - m = -2*v, 0 = -r - v + 7. Calculate the highest common divisor of r and 44.
4
Let m = 43 + 9. Let v = -317 + 447. Calculate the highest common factor of m and v.
26
Suppose 15 = 3*v, -2*f - 2*v = -98 - 372. Calculate the highest common factor of 1 and f.
1
Suppose 0 = 21*a + 668 - 3671. What is the greatest common factor of 22 and a?
11
Suppose -l = -4, h - 62 = -2*h - 2*l. Let t be (-6)/(-27) + 392/h. Calculate the greatest common factor of 110 and t.
22
Suppose u + 5*y - 101 = 0, 4*u - 466 = -3*y - 79. Suppose 2115 - 9075 = -29*q. Calculate the highest common divisor of u and q.
48
Suppose -13*h + 7*h = -18. Suppose -3*b + 65 = 4*a, 2*b - h*a = b + 26. Calculate the greatest common factor of b and 23.
23
Let i = -4 + 14. What is the highest common divisor of 40 and i?
10
Suppose -g + 3*g - 22 = 0. Let r(p) = p + 4. Let d be r(g). Let c(n) = n**2 - 4*n + 1. Let q be c(5). Calculate the highest common factor of d and q.
3
Suppose -18*k + 610 = -3710. What is the highest common factor of 15 and k?
15
Let t(i) be the third derivative of i**4/12 + 14*i**3/3 - 22*i**2. Let g be t(-10). What is the highest common factor of 56 and g?
8
Let n = 582 + -550. Calculate the greatest common divisor of 112 and n.
16
Suppose 6*k = k - 5, -23 = -5*d + 3*k. Suppose -d = 3*a + 23. Let w = a - -34. What is the highest common divisor of 5 and w?
5
Let p(y) = 5*y**2 + 4*y. Let j be p(-3). Suppose -5*r + 0*r - 101 = -4*n, r = 4*n - 113. Let o = n + -18. Calculate the greatest common factor of j and o.
11
Let v be 0 + (-28)/(1*2). Let r = -171 - -208. Let w = r + v. What is the greatest common factor of w and 207?
23
Let p = -350 + 359. What is the highest common factor of p and 270?
9
Suppose 0 = -10*b + 7*b - h + 50, -5*b + h = -70. What is the greatest common divisor of 480 and b?
15
Let b be (52 - 6/(-3)) + -3. Let a = 10 + -11. Let h be 3/(((-12)/136)/a). What is the greatest common divisor of b and h?
17
Let a(c) = c**2 + 8. Let d be a(8). Let b = d + -126. Let f = 111 + b. What is the greatest common factor of f and 19?
19
Let p(f) = -f**2 + 6*f - 5. Let z be p(4). Suppose z*a + 0*a = 27. Suppose 3*i - a = 2*i. What is the greatest common divisor of 63 and i?
9
Let f(m) = 3*m**2 - 14*m - 5. Let w be f(13). Suppose -3*y = 4*q - w, 4*y - 3*q = 9*y - 537. Calculate the highest common factor of y and 12.
12
Let p = -208 - -253. What is the greatest common factor of 35 and p?
5
Let a = 6 + -4. Suppose -2*k + a = -k. Suppose 4*u = 2*i - 5*i - 4, 3*u - 4*i = 22. What is the greatest common divisor of u and k?
2
Let l(b) = 14*b**3 - b**2 + 2. Let o be l(-2). Let g be (-14)/21 - o/9. Calculate the highest common factor of 30 and g.
6
Suppose 0*n + 2*n - 16 = 0. Suppose 4*i - 10 = 6, 0 = -u - 5*i + 22. Let s be ((-3)/u)/(9/(-384)). What is the highest common divisor of s and n?
8
Let n = 38 - 20. Let d = 25 - 97. Let i be ((-6)/8)/(2/d). What is the greatest common divisor of i and n?
9
Suppose -8*m + 12*m - 1144 = 0. What is the greatest common factor of m and 22?
22
Let c = -201 + 211. What is the greatest common divisor of c and 20?
10
Suppose 7 = 5*s - 2*d, d - 2 = 2. Suppose 9*v - 15 = 4*v - q, 0 = -5*q. Let f be v/4*12/3. Calculate the greatest common factor of s and f.
3
Let c = 1 + 59. Calculate the greatest common divisor of c and 12.
12
Let r be 9/(-6)*(-8)/6. Let d(n) = -n**3 - 5*n**2 - 2*n + 4. Let b(u) = u - 7. Let o be b(2). Let s be d(o). Calculate the highest common divisor of r and s.
2
Suppose 2*z - 117 = 79. Suppose 61*b - 863 - 166 = -86*b. What is the greatest common divisor of b and z?
7
Suppose -13*u = -8*u - 300. Let o be 2/(-4) + (-5)/(-10). Suppose o = -4*h + 3*h + 40. Calculate the highest common factor of u and h.
20
Suppose 3*l - 168 = 4*v, 4*l - 6*v - 228 = -2*v. Suppose -5*d = 3*z - l, -5*z + 0*d = d - 100. What is the highest common factor of z and 40?
20
Let i(y) be the second derivative of y**5/20 + 7*y**4/6 - 3*y**3 - 2*y. Let l be i(-15). What is the highest common divisor of l and 10?
5
Let o = -320 - -327. What is the highes